1*3. Is i(s) a prime number?
False
Suppose -6*g + 31 - 7 = 0. Suppose g*z - 937 = 863. Suppose 3*v - 5*q = z, -7*v + 2*v = -2*q - 731. Is v a composite number?
True
Suppose -2*c - 552 = -f, 0 = -5*f + 4*c + 2904 - 132. Suppose 4*l = -0*k + k + f, -695 = -5*l + 4*k. Is l prime?
True
Is -7 - (0 - (-5088)/(-6)) a prime number?
False
Suppose 3*d + q = -d - 821, 4*q = -5*d - 1018. Let b = d - -523. Is b composite?
False
Suppose 46014 = 13*o - 11303. Is o a prime number?
True
Let w(p) = 7*p**2 + 9*p + 9. Let j be w(-9). Suppose -j + 21 = -2*k. Is k a composite number?
True
Suppose 0 = y - j - 2*j + 29, -3*j + 69 = -3*y. Let p = 18 + y. Is (6/(-18))/(p/1230) a prime number?
False
Suppose 14*x - 5538 = 8*x. Let w = -514 + x. Is w composite?
False
Let a(k) be the second derivative of 11*k**3/2 - 19*k**2/2 + 9*k. Is a(6) a prime number?
True
Suppose -7*v + 69 = -148. Let d be (-2)/(-7) - 88/14. Let u = v - d. Is u composite?
False
Let c(r) = 13*r**2 - 17*r + 61. Let y = 113 - 99. Is c(y) a composite number?
False
Suppose 43*g + 387684 - 1249361 = 0. Is g composite?
True
Let o(w) = w. Let p be o(2). Suppose r = -3*k + 142, -3*r + 630 = p*r - k. Is r prime?
True
Suppose 8*q + 5*j = 5*q + 563, 555 = 3*q - 3*j. Suppose z = -5*b + 228, -2*b + q = 2*b - z. Is b composite?
True
Let y(k) = -2*k + 26. Let p be y(8). Suppose 5*f + 5*b = p*f - 2000, -4*f - b = -1585. Is f a composite number?
False
Let l be 6/(-4) + (-3)/((-18)/39). Suppose -2152 = -3*x - l*x. Is x a prime number?
True
Let w(j) = -828*j + 19. Is w(-13) composite?
True
Let j(c) = -c**2 + 19*c + 23. Let t be j(20). Suppose -d + 0*d + 3 = 0. Suppose b - 1192 = -t*b + d*o, -3*o = 3*b - 915. Is b a prime number?
False
Suppose 9570 = 2*z - 4*r, -2*z + 2491 = r - 7074. Is z a composite number?
False
Is 15/(-45)*(-21118 - -1) composite?
False
Suppose -n = i - 54, 5*i - 270 = 2*n - 0*n. Suppose 0 = 5*f + 1 + i. Let m = f - -30. Is m a composite number?
False
Let a = 6928 - -1813. Is a a prime number?
True
Let h = -158 - -352. Let s be -3 + 4 + (-1 - -55). Let k = s + h. Is k a composite number?
True
Let h be (-2)/(-6) + 5/3. Suppose -4*b + 36 = 2*b. Suppose h*q + 239 = z - q, b = -3*q. Is z composite?
False
Let d = 23 + -18. Suppose -d*m + m = -60. Is 7179/m - 16/(-40) a prime number?
True
Suppose 4*h = 24*t - 20*t + 8, -4*t = -5*h + 12. Let r be (-6)/(-27) - 925/(-9). Suppose t*z - 493 = 4*l - r, 0 = -5*z + 2*l + 959. Is z a composite number?
False
Suppose -120*l = -117*l - 19407. Is l a prime number?
True
Let w(u) = -2*u**2 - 67. Let n be w(0). Let c = 186 - n. Is c composite?
True
Suppose -26*i - 62180 = -30*i. Is i a composite number?
True
Is (8 + -8)/(-13) + 0 + 63937 prime?
False
Let c(l) = -130*l**3 + 4*l**2 - 5*l - 20. Is c(-2) composite?
True
Let o(p) = 185*p**2 - 5*p - 7. Suppose -6*t + t = 10. Is o(t) composite?
False
Let v = -74 - -297. Is v composite?
False
Suppose -5*l - 3*l + 145376 = 0. Is 3/(-30)*2 + l/35 a prime number?
False
Let z = 11542 + 2455. Is z a prime number?
True
Suppose 28 = 2*d - 2*r, 3*d - 37 = d + 5*r. Let m = -13 + d. Let t(k) = -27*k**3 - 2*k**2 - k + 1. Is t(m) prime?
True
Let r be 1/(4/24) + -4. Let u be 1 + (r + -8)/(-2). Suppose -242 + 20 = -2*d + 5*m, -u*m = d - 111. Is d a composite number?
True
Let r(a) = -a + 4. Let l be r(0). Is (l/6)/(4/894) prime?
True
Suppose 5*g - 1720 = -4*h + 2*g, 3*h - 1287 = -3*g. Suppose 0 = 8*y - h - 3159. Is y prime?
True
Suppose 5*f = 9*f - 4. Let g(y) = 1379*y**3 - y**2 + y. Is g(f) a prime number?
False
Let u(t) = 90*t**2 - 10*t - 1. Let i = -8 + 12. Is u(i) prime?
True
Let y(j) = j**2 + 9 + 3*j**2 - 7 - 3*j**2. Let o be y(-5). Let x = 112 - o. Is x a prime number?
False
Suppose -2*c + 5*v + 805 + 1379 = 0, c - 1118 = -4*v. Let q = 1587 - c. Is q composite?
True
Suppose -f = -5*r + 16, 0 = -5*r - 0*r + 2*f + 17. Suppose 0 = r*g - 7304 - 811. Is g prime?
False
Let m(q) = -4*q**3 - 10*q**2 + 32*q + 7. Is m(-13) a prime number?
True
Let d be ((-1)/4*6)/((-2)/(-12)). Is (-5)/(10/6297)*6/d prime?
True
Suppose 425 = -7*q + 2*q. Let k = q - -169. Is k + -2*2/(-4) prime?
False
Let b = -62 - -67. Suppose -3*c + b*c = 830. Is c prime?
False
Let o(b) = -6*b**3 - 4*b**2 + 5*b + 9. Is o(-8) composite?
True
Suppose -2*w - 323 = 2*t - 38803, 0 = 2*w - t - 38465. Is w a composite number?
True
Let a(z) = -3*z**3 + z**2 + 4*z + 6. Let n be a(-4). Suppose 0 = -4*f + 5*v + 393, f - 4*v = -f + n. Is f a prime number?
True
Is 3 + 11 - 7 - -10680 prime?
True
Let c be ((-134)/4)/(5/(-10)). Is (c/(-2 - -1))/(-1 + 0) composite?
False
Is (1 + 24/(-9))/((-5)/1905) a composite number?
True
Is (-29)/(-87) - 35236/(-6) a composite number?
True
Let t = -9 - -11. Suppose -j + 3*j = -5*v + 3485, t*j - 689 = -v. Is v composite?
True
Suppose 4 = -2*b, -3*y = 2*b - 437928 + 145573. Is y a prime number?
True
Let c(f) = -4*f + 2. Let d be c(2). Let h = 3 + d. Is 107 - h/((-6)/(-4)) prime?
True
Let b = 2594 + 3029. Is b a composite number?
False
Let u(h) = 2*h**2 - 6*h + 2. Let o be u(3). Suppose -8*r = -o*r - 5958. Is r prime?
False
Suppose o - 4*h = -4*o + 19, 3 = -3*h. Let v = -4 + 8. Suppose -211 = -p + 3*r, -v*p + o*r + 2*r = -844. Is p composite?
False
Let o(x) = -845*x - 79. Let u be o(-11). Suppose 13*l - u = 1873. Is l a composite number?
False
Let j(f) = -142*f**3 - 2*f**2 + f - 2. Let n be j(-2). Is (1 + -1 - (7 - n))*1 prime?
True
Let q(i) = 5*i**2 + 4*i - 26. Let v(h) = 14*h**2 + 13*h - 77. Let w(u) = 17*q(u) - 6*v(u). Is w(-17) composite?
False
Let i be (-1)/4 - 87*172/48. Let c(v) = v**3 - 5*v**2 + 3*v - 6. Let s be c(5). Is -3*(i/s)/4 composite?
True
Let s = 837 + -346. Is s a composite number?
False
Suppose 9*b - 8*b + 6 = 0. Is ((-9)/b - -1)*566 composite?
True
Is ((-14802)/(-4))/(180/240) prime?
False
Let g be -4*((-837)/6)/9. Let c = g + 319. Is c composite?
True
Let m(k) = -14*k + 867. Is m(-43) a prime number?
False
Let y(k) = -7*k**3 - k**2 + 6*k - 4. Let s be y(4). Let h = s + 917. Is h a composite number?
True
Suppose 2*u - 10 = o - 3*o, 11 = o - 5*u. Let k = 12 - o. Is k/42 - (-2028)/14 a prime number?
False
Let w(k) = -k**3 + 9*k**2 + 4*k - 11. Let j(x) = -x**2 - 8*x - 3. Let o be j(-6). Let b be w(o). Let s = b + -6. Is s composite?
False
Suppose -a - 22 = -4*t, 5*t + 0*a - 32 = -a. Suppose -5*p = s + s + 34, 3*s - t = 2*p. Is 6/(-9) + (-1114)/p prime?
False
Suppose 5*n = -3*g + 103, 5*g - 6*n + 4*n - 151 = 0. Is g prime?
True
Suppose 5*z = -4*s + 57096, 2*s - s + 5*z - 14289 = 0. Is s a prime number?
False
Suppose u + 15 = -4*u. Suppose -2*b = 5*m - 22, 2*b = 4*m - 3*m + 10. Is 549/6 + u/b a composite number?
True
Let s(p) = p**3 - 5*p**2 - 4*p - 8. Let c be s(6). Suppose 117 = -c*a + 617. Let m = 231 - a. Is m composite?
True
Suppose 3*q + j = 3721, -2*j + 0*j = 4*q - 4962. Let k be q/25 - (-6)/(-10). Suppose 0 = t + 3*w - k, 0*w + 120 = 2*t - 5*w. Is t prime?
False
Let i = 39 - 34. Suppose i*s - s - 4*a - 7272 = 0, -2*s = -5*a - 3621. Is s a prime number?
True
Let i(r) = 3*r**2 - r - 1. Let o be i(-1). Let s(g) = 98*g + 11. Is s(o) prime?
False
Is (12/(-8)*1 - -116)*82 a prime number?
False
Let c = 439 - -195. Is c a composite number?
True
Let q = -703 - 234. Let f(s) = -17*s**2 + 4*s - 2. Let k be f(6). Let o = k - q. Is o a prime number?
True
Suppose 2*w = 7269 + 1133. Is w prime?
True
Let x(f) = -11*f**2 - 22*f - 39. Let d(i) = 6*i**2 + 11*i + 19. Let s(m) = -7*d(m) - 4*x(m). Is s(-22) prime?
False
Let i = 40 + -37. Suppose -i*m + 9413 + 4528 = 0. Is m prime?
False
Let z(h) = -491*h + 67. Let l(q) = 123*q - 17. Let o(w) = 9*l(w) + 2*z(w). Is o(12) composite?
False
Suppose 4*l = -2*f + 2746, -2*l - 4110 = -3*f - 5*l. Is f a composite number?
False
Let b = 53645 + -16194. Is b a composite number?
True
Let a be 2/((4/(-10))/((-28)/35)). Suppose -a*n + 2*n + 210 = 4*s, 2*s = 3*n - 307. Is n prime?
True
Let l(z) = 24*z**3 + 13*z**2 + 9*z - 9. Is l(7) composite?
False
Let k = 313 + -35. Is k a prime number?
False
Is (-678042)/(-126) - (-2)/(-7) composite?
False
Is 3/(-9)*0 - -7941 prime?
False
Is (-1 + 32277/(-9))*918/(-36) a prime number?
False
Suppose b + 4*s = 222, 10 = -0*s + 2*s. Suppose 0*w + 710 = 2*w. Let h = w + b. Is h prime?
True
Let i = 65 - 59. Suppose -i*h + 1048 = 2*h. Is h composite?
False
Let a = 8903 + -4282. Is a prime?
Tr